e s(w).
2
Let a(k) = -k**3 - 5*k**2 + k - 2. Suppose -10*j - 15 = -7*j. What is a(j)?
-7
Let g(v) = -v**3 + v + 6. Suppose 5*t - 5*k - 35 = 0, -2*k - 15 = -3*t - k. Suppose 0 = 2*r - 2*j + 2, -t*r + 3*j + 2*j = 5. Suppose u + u = r. Calculate g(u).
6
Let h be 3/1*(-68)/51. Let t(o) = -o**2 - 4*o - 6. Give t(h).
-6
Let r(v) = v**3 + v**2 + v. Let p(g) = -4*g**3 - 10*g**2 - 12*g - 2. Let w(k) = -p(k) - 3*r(k). What is w(-6)?
-16
Let h be (3/(-2))/((-3)/(-6)). Let g(u) = -u - 3. Suppose j + 4*m - 17 = 6*j, m = 4*j + 18. Let k(p) = p + 6. Let f(s) = h*k(s) + j*g(s). What is f(3)?
3
Let v(g) = -g**3 - 4*g**2 + 4*g - 6. Let l be v(-5). Let i = -1 + 4. Let o(s) = -i*s**2 - s + 0*s + s**2. What is o(l)?
-1
Let k(v) = -1 + 2*v + 1 + 5*v**2 - v**3. Suppose -3*i + 2*w + 2 = -21, i = 3*w + 17. What is k(i)?
10
Suppose -5*c = 3*f + 17, -c - 3*f + 0*f = 13. Let i(q) = 7*q**3 + q**2 + q + 1. Calculate i(c).
-6
Let h(o) = -o**3 + 3*o**2 - 4*o - 5. Suppose b + 4 = 0, -b = -4*v - 0*v + 20. Let g(q) = -4 + q + 1 + v. Let i(p) = 6*g(p) + h(p). Determine i(4).
-7
Let q(x) = -x**2 - 1. Let w(s) = -2*s**2 - 2*s - 5. Let l(k) = 3*q(k) - w(k). Let n = -132 + 136. Give l(n).
-6
Suppose 20 = -11*n + 119. Let x(p) = -p + 6. Determine x(n).
-3
Let a be (-6)/9*6/(-4). Let k = a - 1. Let o(h) = -h**2 - 6*h**2 + h**2 - h**3 - 5 + 5*h**2. What is o(k)?
-5
Let s = 5 + -4. Let t(l) be the first derivative of l**2 + 0 + 5 + l + 1 - 3. Calculate t(s).
3
Let k be 2/(-3) + 1/(-3). Let z(g) = -g - 1. Let n(o) = -14*o - 22. Let d(y) = -9*y - 15. Let c(r) = -7*d(r) + 5*n(r). Let x(i) = k*c(i) + 6*z(i). What is x(5)?
4
Let z(n) = -9*n + n**2 + 3 + 6*n + 4*n - 2. Determine z(-4).
13
Let p(a) = a**2 - 7*a. Let b be p(7). Let j(o) = 2 + 4*o + b*o + o - o. What is j(-2)?
-6
Suppose 0 = 2*d + 3 + 3. Suppose -3 = 4*q - 15. Let a(s) = 3*s**2 + s**q - 5*s**2 + 2 - 2*s**3 - s**2 + s. Calculate a(d).
-1
Suppose -4*h + 15 + 5 = 0. Suppose -4*k - k = h. Let u(s) = s**2 + s + 1. Determine u(k).
1
Let r(p) = -p - 1. Suppose 3*l = 4*c - 6*c - 19, 0 = 3*c - 4*l - 14. Give r(c).
1
Let f(z) = -5*z**2 - 4*z - 1. Let a(d) = 6*d**2 + d + 5. Let y(t) = 6*t**2 + 6. Let v(w) = 4*a(w) - 3*y(w). Let r(m) = 7*f(m) + 6*v(m). What is r(4)?
5
Let q(l) be the third derivative of l**6/72 - l**5/120 - l**4/24 + l**3/2 - 6*l**2. Let t(o) be the first derivative of q(o). Calculate t(-1).
5
Let x(g) = -g**2 + 5*g. Let c(t) = 2*t**2 - 10*t + 1. Let b(h) = -3*c(h) - 5*x(h). Let j be (6/5)/((-3)/(-10)). Suppose -4*o + j = -8. Determine b(o).
3
Let s(o) = 4*o**2 + 1. Let i be (2/5)/((-2)/20). Suppose 3*c - 2 + 14 = 3*z, 0 = -4*c - 3*z - 9. Let y = c - i. Determine s(y).
5
Let c be ((-1)/2)/(2/24). Let n(h) = h + 5. Let z(x) = -x + 6 + 4*x - 2*x. Let u(i) = c*n(i) + 5*z(i). Calculate u(-1).
1
Suppose -3*t = 2*t - 30. Let i = t - 5. Let m(p) = 5*p**2 - 1. Give m(i).
4
Let b(g) = g**2 + 4*g + 6. Suppose c + 5*x + 15 = 0, -3*c + 1 = -4*c + 2*x. What is b(c)?
11
Let y(x) = -x**3 - 5*x**2 - 4*x + 1. Let j be 12/1*3/(-9). Give y(j).
1
Let z(r) be the second derivative of -5/2*r**2 + 0 - 1/6*r**3 + 3*r. Suppose -4*b = -4*x + 1 - 9, 2 = -2*b - x. Determine z(b).
-5
Suppose t + 46 = -4*b, 5*b + 3*t = 9*b + 38. Let m(j) = j**2 + 10*j. Determine m(b).
11
Let y(j) = -3*j**2 - 3*j + 4. Let o(r) = -4*r**2 - 2*r + 3. Let t(f) = 2*o(f) - 3*y(f). Determine t(-6).
0
Let z(l) be the second derivative of -4*l + 0*l**3 + 11/12*l**4 + 0 - 1/2*l**2. Calculate z(-1).
10
Let y(r) = -29*r - 39*r + 103*r - 37*r - 15. Determine y(-10).
5
Let q(j) = -j - 7. Suppose 8*f + 90 = 3*f. Let g = f + 13. What is q(g)?
-2
Let q = 2 - 7. Let a(l) be the first derivative of -l**3/3 - 5*l**2/2 + l - 1. Determine a(q).
1
Let w(y) be the third derivative of 7*y**4/24 - y**3/6 - 18*y**2. What is w(-3)?
-22
Let s(d) = d**3 + 5*d**2 + 3*d + 2. Let f be 3*10/18*-3. Calculate s(f).
-13
Let x(t) = 3*t**3 - 2*t**2 + 5*t + 1. Let b(h) = -h**3 + h**2 - 2*h. Let r(i) = 5*b(i) + 2*x(i). What is r(-2)?
-2
Let k(y) = 2*y**2 + 3*y + 1. Let l be k(-2). Let i = 4 - l. Let x(f) = -3*f. Calculate x(i).
-3
Let o be ((-6)/12)/((-1)/2). Let b(g) = -8*g**2 + 2*g - 1. Determine b(o).
-7
Suppose -2*k - 10 = y, -2*y + 16 = -6*y + 4*k. Let d be 2 + -3 - -1*3. Let h(r) = -d + 1 - r - 4. Determine h(y).
1
Let z(t) be the third derivative of 0 + 1/3*t**3 + 0*t + 2*t**2 - 1/24*t**4. Give z(-3).
5
Suppose 0 = -2*x + 2*i + 1 + 5, 0 = -x + 4*i. Let p(t) = -t**2 + 6*t - 1. Determine p(x).
7
Let f(z) = -11*z**2 + z. Let o(v) = 2*v**2 - 11*v - 15. Let h(x) = 3*x**2 - 17*x - 23. Let l(k) = -5*h(k) + 7*o(k). Let g be l(9). Determine f(g).
-10
Let p(w) = -3*w + 12. Let h be p(4). Let z(y) = -1. Let u(x) = -3. Let c(v) = 2*u(v) - 5*z(v). Let d(l) = -l + 1. Let f(q) = 3*c(q) + d(q). What is f(h)?
-2
Let i = -11 + 8. Let c be ((-2)/(-4))/(i/6). Let g(f) be the third derivative of f**4/4 - f**3/6 + f**2. Calculate g(c).
-7
Let l = -20 - -28. Let r(n) = -8 - n**2 + l + 4*n. What is r(2)?
4
Suppose -m - 4 = 2*x, -x - 21 - 2 = -3*m. Let g(s) = 3*s + 21. Let q(c) = -3*c - 2*c - 31 + c. Let b(w) = 7*g(w) + 5*q(w). Calculate b(m).
-2
Suppose p = 5*p. Suppose 3*c - 59 = -5*t, p = -4*t + 4*c - 3*c + 37. Let l(o) = 0*o + 10*o**2 + 1 + o - 9*o**2 - t*o**2. What is l(-1)?
-9
Let y = 140 - 136. Let u(q) = 3 - 6*q + 5*q + q**2 - 5*q. Determine u(y).
-5
Let p(n) = -n**2 - 5*n - 1. Suppose -10*z = -z + 27. Calculate p(z).
5
Let s(z) = z**3 - 10*z**2 + 10*z - 4. Let u be s(9). Suppose -i - u = -0*i. Let q(t) = -1 + 0*t**2 - 4*t - 2*t**2 + t**2 - 4. Give q(i).
-10
Let p(v) = v + 3. Let d be p(-3). Let y(u) = -25 + u + 21 + u**2 - 2*u**2 - u**3 + 0*u**2. What is y(d)?
-4
Let l(s) = 4*s**2 + 4*s + 2. Let f be (-1 + -1)*(3 - 2). Give l(f).
10
Let k(q) be the first derivative of q**4/4 + 2*q**3/3 + 2*q**2 + 4*q + 11. Determine k(-3).
-17
Let d = 5 + -1. Let i(y) = -d - 3*y**2 - y**3 + 0*y**3 + 4 + 2*y. Let h = -13 + 9. What is i(h)?
8
Suppose -5*s + 6 = 1. Let f be -4*((-15)/(-6))/(-5). Let q(h) = 0*h**f + 0*h**2 - 7*h**3 + h. Calculate q(s).
-6
Let r(v) = -v. Let b(q) = -5 + 6*q + 2*q - 4*q. Let k(s) = -b(s) - 5*r(s). Determine k(-4).
1
Let x be (-1 - -2) + (-2 - 2). Let z(r) be the third derivative of r**4/24 - r**3/6 + 12*r**2. What is z(x)?
-4
Let q(d) = 4*d**2 - 11*d - 4. Let i(o) = -2*o**2 + 6*o + 2. Let r(j) = 5*i(j) + 3*q(j). Calculate r(3).
7
Let m = 16 - 12. Let n(r) = 3*r - r**2 + 3*r**2 - 3*r**2 + 0*r - 2. Give n(m).
-6
Let p(q) = -q - 5. Let k be p(-7). Let h be k/(-3) + (-5)/15. Let i(r) = 5*r - 1. Calculate i(h).
-6
Let v(i) be the third derivative of -i**6/720 - i**5/120 - i**4/8 - i**2. Let f(d) be the second derivative of v(d). What is f(2)?
-3
Let n be (-24)/20*(-5)/2. Let u(o) = o + 4 + 3 - n. Determine u(0).
4
Let g(n) = -1. Let y(q) = q + 2. Let o(s) = 4*g(s) + y(s). Suppose -1 = p + 3. Give o(p).
-6
Let p(i) = -i**2 + 11*i - 12. Let n be p(8). Suppose 5*q - n = 8. Let a(z) = 2 - q*z - 2 + 0. What is a(-1)?
4
Let r be (1/(-5))/(16/(-80)). Let n(h) = -4*h**3 + 1. Give n(r).
-3
Let b be (3 - -1) + -2 + 4. Let s(z) be the third derivative of z**4/12 - z**3/3 + 2*z**2. Give s(b).
10
Let p(d) = 0 + 4*d + d + 3 - 6. Let a be (2/3)/((-4)/(-18)). Calculate p(a).
12
Let c(m) = 85 + 6*m + m**2 + 2*m - 77 + 0*m. Calculate c(-6).
-4
Suppose -16 = -3*u + 14. Suppose -u = -8*r + 6*r. Let v(b) = 2*b**2 - 3*b**2 + 6 + 6*b - 2*b. What is v(r)?
1
Suppose -32 = -4*a + 3*g + 2*g, 12 = -3*g. Let p(q) be the third derivative of 2*q**2 + 0*q + 0 + 1/60*q**5 - 1/6*q**4 - 1/6*q**a. Give p(2).
-5
Suppose 6*i - 9 = 3*i. Suppose -3 = -2*n + i*n + 2*m, -4*n + 2*m = 12. Let b(j) = j - 1. Let k(p) = p**2 - p + 10. Let f(y) = 6*b(y) + k(y). Give f(n).
-2
Let t(u) = u + 2. Let x be 3 - -1 - 28/4. Give t(x).
-1
Let q(v) be the third derivative of 0*v + 1/12*v**4 - 1/3*v**3 + 0 - 3*v**2. Suppose -5 + 30 = 5*u. Determine q(u).
8
Let d(l) = -l**2 + 2 - 36*l - 1 + 32*l. What is d(-3)?
4
Suppose -94*x + 96*x + 8 = 0. Let t(f) be the second derivative of -f**4/12 - 7*f**3/6 - 3*f**2 + f. Calculate t(x).
6
Let l(n) = n**3 - 4*n**2 + n. Let v(h) = -h**3 + 1 - 9*h**2 - 1 - h. Let x be v(-9). Suppose d = -2*d + x. Calculate l(d).
-6
Let y(g) = g**3 + g**2 + g + 11. Let t be (-3)/5 - (-378)/30. Let i = t + -12. What is y(i)?
11
Let x(c) = -c - 2. S